(base 15) to base 8.
-506556
-584255 (base 9) to base 12
-14b065
Convert -7754 (base 13) to base 14.
-60bd
Convert 35b857 (base 12) to base 14.
1892b9
What is -1011021220120 (base 3) in base 6?
-21111323
1220336 (base 12) to base 16
35cbda
Convert 26155340 (base 7) to base 16.
245f42
What is 6034150 (base 8) in base 4?
12003201220
1333a6 (base 12) to base 2
1001101010101101110
Convert -20210210000021 (base 3) to base 12.
-1265421
Convert 1144041 (base 5) to base 2.
101010100001011
What is -18664a (base 14) in base 12?
-35740a
What is -1170277 (base 10) in base 2?
-100011101101101100101
Convert -553714 (base 8) to base 2.
-101101011111001100
Convert 163d39 (base 15) to base 14.
2002d7
What is -410041131 (base 6) in base 2?
-11010101101111011001111
-2153431 (base 6) to base 2
-11010011101011011
88c2d (base 14) to base 9
554865
What is 13411141100 (base 5) in base 2?
1000001111100011101110001
What is 43a5a (base 13) in base 4?
131323220
-329456 (base 11) to base 13
-154c36
What is -1013111 (base 4) in base 15?
-1545
842154 (base 9) to base 7
4152244
Convert 1243255 (base 6) to base 16.
10a33
Convert bd1eee (base 15) to base 7.
136436354
-112a558 (base 12) to base 13
-8b4630
-273b1 (base 16) to base 9
-264373
-4ba9 (base 14) to base 12
-7829
What is -45a095 (base 16) in base 7?
-53533323
What is -6851 (base 15) in base 14?
-80c6
Convert 1330021 (base 4) to base 9.
11807
What is 11644471 (base 9) in base 14?
a848a0
Convert -55b18 (base 12) to base 4.
-123310010
Convert 15321 (base 6) to base 16.
9c1
Convert a09847 (base 11) to base 6.
54444124
What is -22011011120221 (base 3) in base 13?
-b89684
16b093 (base 12) to base 15
7b3cc
What is 26541001 (base 7) in base 11?
1421492
Convert -110120210100120 (base 3) to base 10.
-6688104
Convert 10011010120 (base 3) to base 4.
33021231
What is 42325131 (base 7) in base 15?
4ac9d9
-102101010 (base 4) to base 7
-431064
1004415 (base 7) to base 11
81640
What is 43321102 (base 5) in base 9?
623670
Convert -a1277 (base 16) to base 10.
-660087
-35d7c (base 15) to base 7
-1313565
Convert 6172331 (base 8) to base 3.
10002002112202
75961 (base 10) to base 16
128b9
-2ba21 (base 15) to base 14
-3938c
-852999 (base 10) to base 8
-3202007
What is -123144023 (base 5) in base 14?
-118892
-20202021221000 (base 3) to base 5
-1404304314
Convert -101100011111100100 (base 2) to base 10.
-182244
10001000001011100010 (base 2) to base 9
1040131
Convert -58625 (base 12) to base 9.
-200362
-34030 (base 8) to base 10
-14360
What is -3202033022 (base 4) in base 13?
-265a30
11112210002 (base 3) to base 9
145702
b7520 (base 13) to base 10
330421
Convert -4520235 (base 8) to base 10.
-1220765
What is -12a124 (base 12) in base 10?
-307756
-64d0 (base 16) to base 10
-25808
What is -3774140 (base 8) in base 16?
-ff860
Convert 140108 (base 9) to base 15.
1a472
188478 (base 15) to base 4
10203013010
Convert 4b339 (base 14) to base 6.
3542035
Convert -c96c (base 14) to base 8.
-103744
1818620 (base 10) to base 5
431143440
-242042333 (base 5) to base 14
-215043
Convert -4341030 (base 5) to base 9.
-123184
What is -24a9a1 (base 14) in base 11?
-78a714
Convert -1821bc0 (base 13) to base 8.
-35764467
What is 155245 (base 7) in base 6?
353534
What is -21a70a7 (base 13) in base 8?
-47310025
What is -1c9a8 (base 13) in base 10?
-56584
-101222221 (base 3) to base 4
-1331101
What is 186735 (base 13) in base 16?
95f2e
-4413324 (base 6) to base 14
-5a15a
What is -91a6ba (base 12) in base 9?
-4252467
Convert 41d167 (base 16) to base 2.
10000011101000101100111
What is 1b1121 (base 14) in base 10?
963369
Convert -1610224 (base 7) to base 13.
-79798
What is -98a144 (base 13) in base 5?
-1404423240
What is 122330232 (base 5) in base 16?
8fe82
Convert 1010221211002 (base 3) to base 13.
184451
What is -40361656 (base 7) in base 4?
-30310032331
What is -13371605 (base 8) in base 14?
-585685
-30200013033 (base 4) to base 13
-8a9912
-101100001010 (base 2) to base 14
-105c
-84564 (base 14) to base 15
-64967
What is a4c19 (base 14) in base 15?
7cbab
-1200 (base 11) to base 7
-4405
What is -32104112 (base 6) in base 9?
-1684818
Convert -747b5 (base 13) to base 14.
-56794
321df (base 16) to base 6
4222211
What is -446d8 (base 15) in base 11?
-1394a6
Convert -405720 (base 8) to base 3.
-20210221112
11010100011100011111 (base 2) to base 12
35b6a7
Convert -200122020002 (base 3) to base 12.
-15836b
300120200322 (base 4) to base 16
c1883a
Convert -11021022120201 (base 3) to base 15.
-2ec801
Convert f111 (base 16) to base 10.
61713
-201121000211 (base 3) to base 6
-12133251
What is -93d (base 14) in base 12?
-1077
What is 141200405 (base 6) in base 12?
b60105
Convert a703a (base 12) to base 2.
110101100101101110
What is -14267 (base 8) in base 12?
-37b3
-af9a (base 16) to base 9
-67588
What is -533735 (base 8) in base 2?
-101011011111011101
2544545 (base 8) to base 3
1022220201010
Convert 3170a (base 11) to base 10.
46111
What is 111010111110010 (base 2) in base 7?
154013
Convert 2b3b4a (base 13) to base 14.
1da309
301210011 (base 4) to base 14
53dad
-10100111002 (base 3) to base 14
-1a079
What is 381976 (base 10) in base 16?
5d418
What is b83a8 (base 14) in base 10?
445264
Convert 5532c (base 15) to base 11.
175437
-1305415 (base 6) to base 5
-4234334
13063456 (base 7) to base 12
495aaa
58522 (base 13) to base 10
161254
Convert 1235642 (base 7) to base 6.
3235025
Convert -679a7 (base 11) to base 3.
-11222221022
345a45 (base 13) to base 7
13355440
What is -2122543 (base 6) in base 10?
-104319
Convert 10211332012 (base 4) to base 7.
13143334
Convert 2406130 (base 7) to base 15.
60404
Convert 2120202121211 (base 3) to base 6.
45233121
Convert 6627145 (base 11) to base 16.
b18709
Convert 1110010101001011101 (base 2) to base 7.
3664042
Convert -4321837 (base 11) to base 7.
-121415255
Convert -10130124 (base 5) to base 7.
-464314
10c5a8c (base 13) to base 12
189b050
-3c925 (base 14) to base 15
-2e683
-112010020 (base 4) to base 14
-24d16
What is 523506 (base 7) in base 5?
10340432
-12a336 (base 12) to base 11
-1a04a3
What is 2a2023 (base 13) in base 10?
1032619
132020321 (base 5) to base 15
cec91
-23240113 (base 5) to base 14
-57324
1075100 (base 12) to base 13
85c254
Convert 1202341044 (base 5) to base 3.
12020010012220
What is -220021122122 (base 3) in base 5?
-110243341
Convert -3b2856 (base 16) to base 7.
-44645030
Convert -46b69 (base 12) to base 4.
-113030001
Convert 155430520 (base 6) to base 7.
40312143
-70a79a (base 13) to base 6
-132112231
What is -119e4e (base 16) in base 11?
-719551
Convert 74a8a (base 11) to base 3.
12112200110
What is -234523 (base 13) in base 3?
-1120120102111
10640542 (base 7) to base 11
588a21
What is -802a6 (base 12) in base 5?
-20310202
430029 (base 11) to base 10
688158
Convert 15a2aa (base 13) to base 16.
82fe2
Convert 5101141 (base 11) to base 9.
17867534
11414622 (base 7) to base 15
150003
What is 74c2c5 (base 16) in base 3?
112101202121210
What is 80a30 (base 12) in base 2?
101000110111000100
What is 2c7b4 (base 16) in base 15?
38eb6
Convert -15433140 (base 6) to base 9.
-1025866
Convert 11177cd (base 14) to base 11.
4650651
Convert 250521 (base 8) to base 3.
11101110021
What is -100010010011101010111 (base 2) in base 8?
-4223527
Convert 1100110010100000000 (base 2) to base 7.
3363533
-17107732 (base 8) to base 14
-7545d0
19863b (base 12) to base 10
450191
Convert -1000001202 (base 4) to base 5.
-31342432
-73d5f (base 16) to base 4
-1303311133
What is 3055 (base 10) in base 12?
1927
What is -4042442 (base 8) in base 10?
-1066274
10021012220 (base 3) to base 15
140c6
Convert 98a22 (base 15) to base 16.
7662b
-890710 (base 13) to base 6
-153111101
What is 167562 (base 11) in base 6?
5314315
-6618 (base 11) to base 3
-102222101
Convert -10b0e (base 16) to base 5.
-4141431
Convert -1011001100110101111 (base 2) to base 5.
-43221043
-230133212 (base 4) to base 15
-38eeb
Convert d0a49c (base 15) to base 7.
150130266
-3608018 (base 10) to base 4
-31300313102
Convert 28c529 (base 16) to base 9.
5022152
Convert 5c05c (base 16) to base 9.
634034
What is 89d3d (base 16) in base 14?
109a45
What is -332a7 (base 16) in base 13?
-74512
-1122120 (base 3) to base 8
-2263
What is 6376278 (base 11) in base 5?
10333121234
What is 177846 (base 10) in base